*q - 1985 = -17*q. Suppose -279 = -3*f - 2*c - 2*c, q = 4*f - 3*c. What is the tens digit of f?
9
What is the hundreds digit of -7 + 2 - 14/((-14)/855)?
8
Let p(g) = -2*g**3 - 38*g**2 - 6*g - 27. What is the tens digit of p(-19)?
8
Let k(b) = b**3 - 4*b**2 + 3. Let d be k(4). What is the tens digit of -4 + (d - -3) - -29?
3
What is the tens digit of 65/78 + 27381/18?
2
Let r = 44 - 52. What is the hundreds digit of (-8)/64*-1255 + (-1)/r?
1
What is the hundreds digit of 19/57 - 1697/(-3)?
5
Let c(v) = 3*v**3 - 3*v**2 + 4*v + 9. What is the units digit of c(5)?
9
What is the thousands digit of (70/(-15))/(1/(-306))?
1
Suppose 4*d - 346 = -5*t - 16, 0 = -3*t - 4*d + 190. Let g = 111 - t. Let l = 75 - g. What is the units digit of l?
4
Suppose -n - 5*u = -14, n + 2*u = 5*n - 12. Let h be 14/63 - n/18. Suppose h*d + 2*d = -4*k + 70, -6 = -2*d. What is the units digit of k?
6
Let p be (4/3)/(1/3). Suppose -p*m = -40 - 152. Suppose v = -4*w - v + 58, -4*w - 4*v + m = 0. What is the units digit of w?
7
Let z(p) = -2*p**3 + 10*p**2 - 3*p + 24. Let f(q) = -q**3 - q**2 - 1. Let m(t) = -f(t) + z(t). Let j be m(11). What is the units digit of -5*4/j*10?
5
Let j(g) = -3*g**3 + 6*g**2 + 11*g + 10. Let u(a) = -8*a**3 + 17*a**2 + 32*a + 29. Let h(w) = 11*j(w) - 4*u(w). What is the units digit of h(-4)?
4
Let h be -1 + -1*12/(-3). Suppose h*k + 3*v = 639, 3*k - k = 4*v + 396. Suppose 2*t + 5*j = 76, 7*j = 4*t + 3*j - k. What is the tens digit of t?
4
Suppose -8*f + 15*f + 63 = 0. What is the hundreds digit of (-32)/24 + ((-1065)/f - 3)?
1
Suppose -z + 4 = 2*h, -8 = -4*z + 2*z. Suppose h*b + b = 23. Let v = 42 - b. What is the units digit of v?
9
Let d = -2501 - -3854. What is the thousands digit of d?
1
Suppose -4*g + 12958 = 5*l, -4*l = -5*l - 3*g + 2596. What is the units digit of l?
0
Let g(b) = b**3 - 4*b**2 - 14*b - 8. Let y be g(8). Let j = -50 + y. What is the tens digit of j?
8
Let p = -115 + 75. Let h = p + 69. What is the tens digit of h?
2
Let x = -1064 - -1324. What is the units digit of x?
0
Suppose -14*v = -31185 - 5649. What is the hundreds digit of v?
6
Suppose -2*c - 2*j = 152, 0 = -3*c - 6*j + j - 236. What is the units digit of -4*4/c + 313/9?
5
Suppose 0 = 7*p - 26 - 9. Let w(b) = 3*b**2 - 7*b + 13. What is the units digit of w(p)?
3
Let c be ((-54)/7)/(2/(-28)). Suppose 4*r - 128 - c = 0. What is the tens digit of r?
5
Let n(c) = 92*c - 178. What is the units digit of n(60)?
2
Suppose -2208 = -10*x + 4*x. What is the units digit of x?
8
What is the units digit of (1 - -617)/((-22)/(-4) - 4)?
2
Suppose 20*o = 19*o + 477. What is the units digit of o?
7
Suppose -4*h - 5*m + 4169 = 0, 7*h - 2*m = 9*h - 2084. What is the tens digit of h?
4
Let i = -114 + 124. Suppose i*j - 21*j = -2398. What is the tens digit of j?
1
Suppose 2*i - 3 + 9 = -5*v, 5*v = 5*i - 20. Suppose -5 = 3*b - 65. Suppose i*o - b = -0*o. What is the tens digit of o?
1
Let j(i) = 3*i - 1. Let k(f) = 7*f - 3. Let b(p) = 10*j(p) - 4*k(p). Suppose 0 = 10*v - 6*v - 4. What is the units digit of b(v)?
4
What is the hundreds digit of 1 + 6/((-18)/(-1167))?
3
Let a(x) = 10*x**3 - 3*x**2 + 4*x - 3. Let r be a(2). Suppose 15 = h + 45. Let k = h + r. What is the units digit of k?
3
Let u(k) = -2*k**3 - 5*k**2 - k + 2. Let p be u(-3). Suppose p = -v + 38. Let s = v + -17. What is the units digit of s?
7
Suppose 0 = t - 0*t - 53. Suppose 4 = -n + t. What is the tens digit of n?
4
Let b(s) = -4*s. Let r = 16 - 21. What is the tens digit of b(r)?
2
Let i = -2312 + 4048. What is the units digit of i?
6
Suppose 2*x - 60 = 3*f, -f - 4*f - 10 = 0. Suppose 3*c - x = 15. What is the tens digit of (-4)/c - (-1035)/21?
4
Let f(h) = h**3 - 9*h**2 + 4. Let l be f(9). Suppose -l*g + 114 = -g. What is the tens digit of g?
3
Let l be (-2)/4*32/(-2). Suppose -2*o - 2*v + 6 = -7*v, 4*v = 3*o - 9. Suppose r - l = o. What is the units digit of r?
1
Let m(n) = -3*n - 36. Let p be m(-11). What is the tens digit of -12*1*p/(-12)*-15?
4
Let f(p) = -p**3 + 6*p**2 + p + 4. Suppose 2*y = -y + 12. What is the units digit of f(y)?
0
Suppose 0 = 3*z - 3*n - 21, -n = -5*n - 8. Suppose z*u - 86 = 159. Suppose 0 = 4*g - 7 - u. What is the tens digit of g?
1
Let w(p) = 1 - 5 - 6*p - 3*p - 5 - p**2. Let x be w(-7). Suppose x*c - 104 = c. What is the tens digit of c?
2
Let f(l) = -4*l - 19. What is the tens digit of f(-11)?
2
Suppose 4*d + 236 = n, -3*n + 6*d + 695 = 7*d. What is the units digit of n?
2
Suppose -5*q = -5*h + 20, 3*q = -5*h + 1 + 27. What is the units digit of (q + (-2 - -3))/((-4)/(-298))?
9
Let p be 1*-4 - (-8 - -7). Let m be (-2)/p*(1 - -125). Suppose 5*r - u = 104, -5*r + 0*u + m = 4*u. What is the tens digit of r?
2
Let z = 22 + -21. Let g be 0 + z - 3 - 0. What is the units digit of 3 + 21 + g/(-2)?
5
Let r(b) be the first derivative of -b**4/4 - 2*b**3 - 4*b**2 + 4*b + 2. Let f = 21 + -26. What is the tens digit of r(f)?
1
What is the hundreds digit of 870/1 - (30 + -35)?
8
Let d = -1894 + 2291. What is the units digit of d?
7
Let n = 1425 + -676. What is the hundreds digit of n?
7
Let t be (-2)/4 - 74/4. Let j = -19 - t. Let y(v) = v + 43. What is the tens digit of y(j)?
4
Let n = 0 - -2. Suppose r + h - 9 + 2 = 0, 4*h - 20 = -n*r. What is the units digit of r?
4
Let r(h) = h**3 + 15*h**2 + 16*h + 16. Let w be r(-11). Suppose -3*s + w = -48. What is the hundreds digit of s?
1
Suppose 88 + 550 = m. Let l = m - 346. What is the units digit of l?
2
Suppose -4*a - 4*o = -2024, 4*a - 1003 = 2*a + o. What is the units digit of a?
3
Suppose 5*r - 58 - 90 = -2*d, 3*d - r - 222 = 0. Suppose -b + d = 9. Suppose b = 3*m - 10. What is the tens digit of m?
2
Let p = -88 - -100. Suppose -p*f + 3*f = -963. What is the hundreds digit of f?
1
Let z = 2 + -22. Let f = 14 - z. Let s = -19 + f. What is the units digit of s?
5
Let y(u) = 3*u**2 - 9*u**2 + 1 + 4*u**3 - 5*u**3 - 10 - 6*u. What is the tens digit of y(-7)?
8
Let h(q) = -q**3 + 9*q**2 - 9*q - 3. Let z be h(7). Suppose -3*u = -5*y + 750, -y - u + 110 = -z. Suppose -3*m - 27 + y = 0. What is the tens digit of m?
4
Suppose -2*v + 0*x = 5*x - 4, -2*v + 2*x = -18. Let q(d) = -d**3 + 8*d**2 - 7*d + 2. What is the units digit of q(v)?
2
Let l = -2 + -12. Let n = l + 14. What is the units digit of (60 - (3 - 3)) + n?
0
Let v(k) = 393*k + 90. What is the hundreds digit of v(3)?
2
Let w(c) = 44*c - 41. What is the units digit of w(11)?
3
Suppose -10*a - 11*a = -2016. What is the tens digit of a?
9
Suppose 14 = -4*m + 5*h, m = 4*h - 5*h + 1. What is the units digit of (m - 17)*((-24)/18 + 1)?
6
Suppose 4*y - 12 = 0, -4*s - 6*y = -2*y - 268. Suppose m = -u + s, -6*m + 2*m + 3*u + 242 = 0. What is the tens digit of m?
6
Suppose 170 = 2*u + 3*s, 0*u = 3*u + 5*s - 254. What is the tens digit of u?
8
Let k = -3 - -6. Suppose k*g - 5 = 4*g. Let t(q) = q**3 + 7*q**2 + 5*q - 7. What is the units digit of t(g)?
8
Suppose 123*j - 109*j = 868. What is the units digit of j?
2
What is the hundreds digit of 3617 - (24/(-8) + 7)?
6
Suppose 0 = -2*a - 5 + 11. Suppose 0 = -2*u - n + 11, -a*n + 3 = u - 2*n. Suppose 0 = 4*q + u - 28. What is the units digit of q?
5
Let y = 106 - 106. Let t(w) = -w**2 + 4*w + 166. What is the tens digit of t(y)?
6
Suppose f - 2*p - 746 = 0, -5*p = -4*f - 2*p + 3009. What is the hundreds digit of f?
7
Let s = 75 - 52. Let u = 28 + -14. Let b = s - u. What is the units digit of b?
9
Let z = 221 + -107. What is the tens digit of z?
1
Suppose -11173 = -3*h - 4*d, 22*h - 23*h + d = -3722. What is the tens digit of h?
2
What is the hundreds digit of (182/35)/(-13) - 6344/(-10)?
6
Let n(f) = 6*f**2 + 10*f + 7. Let g(s) = 13*s**2 + 19*s + 13. Let k(a) = 4*g(a) - 7*n(a). What is the tens digit of k(-2)?
3
What is the units digit of 372/(-2790) - ((-5222)/15 + 0)?
8
Suppose 3*y = -129 + 3. Let x = 99 - y. What is the hundreds digit of x?
1
Let m be 2/(-11) + 8180/220. Let n = 55 - m. What is the units digit of n?
8
Let l(v) = v**2 + 4*v + 23. What is the tens digit of l(16)?
4
Suppose z - 5*a - 3810 = 0, -5*z + 6568 + 12482 = -5*a. What is the hundreds digit of z?
8
Suppose 5*w = -u + 606 + 154, 4*w + 5*u = 629. What is the units digit of w?
1
What is the units digit of 16/144 + (-17)/(-9)?
2
Let g be (-1 - 1) + 1 + 4760/10. Suppose 0 = -5*q + 5*b - 90 + 550,